{"id":174,"date":"2019-05-09T11:18:08","date_gmt":"2019-05-09T09:18:08","guid":{"rendered":"https:\/\/mdrv.net\/cms\/?page_id=174"},"modified":"2022-02-08T16:56:45","modified_gmt":"2022-02-08T15:56:45","slug":"impressum","status":"publish","type":"page","link":"https:\/\/mdrv.de\/cms\/impressum\/","title":{"rendered":"Impressum"},"content":{"rendered":"\n<h3 class=\"wp-block-heading\">Anschrift<\/h3>\n\n\n\n<p>MDRV GmbH<br>Birkenallee 22<br>39130 Magdeburg<br><br>Tel.: 0391 \/ 72 73 62 00<br>Fax: 0391 \/ 72 73 62 22<br>E-Mail: info [at] mdrv [dot] de<\/p>\n\n\n\n<p>Gesch\u00e4ftsf\u00fchrer: J\u00f6rg Mangelsdorf <br>Amtsgericht Stendal: HRB 14026 <br>Sitz der Gesellschaft: Magdeburg<br><br>Ust-ID: DE275158892 <\/p>\n\n\n\n<h3 class=\"wp-block-heading\">Webdesign und Programmierung<\/h3>\n\n\n\n<p>Internetagentur &#8222;MaGic Webpages&#8220; <br>Holzweg 15a <br>39128 Magdeburg<\/p>\n\n\n\n<p>Webdesign, E-Commerce, Softwarel\u00f6sungen, Datenbanken<\/p>\n\n\n\n<p>MaGic Webpages ist seit \u00fcber 10 Jahren Ihr verl\u00e4sslicher Partner in Sachen Webdesign und Softwareentwicklung aus Magdeburg. <br><br>.NET, PHP, ASP, Joomla, WordPress, Templateerstellung, MySQL, MSSQL,Interbase, Firebird etc. <br><br>Internet: <a href=\"http:\/\/www.magic-webpages.de\">www.magic-webpages.de<\/a><\/p>\n\n\n\n<h3 class=\"wp-block-heading\">Haftungsausschluss (Disclaimer)<\/h3>\n\n\n\n<p>Haftung f\u00fcr Inhalte <br>Als Diensteanbieter sind wir gem\u00e4\u00df \u00a7 7 Abs.1 TMG f\u00fcr eigene Inhalte auf diesen Seiten nach den allgemeinen Gesetzen verantwortlich. Nach \u00a7\u00a7 8 bis 10 TMG sind wir als Diensteanbieter jedoch nicht verpflichtet, \u00fcbermittelte oder gespeicherte fremde Informationen zu \u00fcberwachen oder nach Umst\u00e4nden zu forschen, die auf eine rechtswidrige T\u00e4tigkeit hinweisen. Verpflichtungen zur Entfernung oder Sperrung der Nutzung von Informationen nach den allgemeinen Gesetzen bleiben hiervon unber\u00fchrt. Eine diesbez\u00fcgliche Haftung ist jedoch erst ab dem Zeitpunkt der Kenntnis einer konkreten Rechtsverletzung m\u00f6glich. Bei Bekanntwerden von entsprechenden Rechtsverletzungen werden wir diese Inhalte umgehend entfernen. <\/p>\n\n\n\n<p>Haftung f\u00fcr Links <br>Unser Angebot enth\u00e4lt Links zu externen Webseiten Dritter, auf deren Inhalte wir keinen Einfluss haben. Deshalb k\u00f6nnen wir f\u00fcr diese fremden Inhalte auch keine Gew\u00e4hr \u00fcbernehmen. F\u00fcr die Inhalte der verlinkten Seiten ist stets der jeweilige Anbieter oder Betreiber der Seiten verantwortlich. Die verlinkten Seiten wurden zum Zeitpunkt der Verlinkung auf m\u00f6gliche Rechtsverst\u00f6\u00dfe \u00fcberpr\u00fcft. Rechtswidrige Inhalte waren zum Zeitpunkt der Verlinkung nicht erkennbar. Eine permanente inhaltliche Kontrolle der verlinkten Seiten ist jedoch ohne konkrete Anhaltspunkte einer Rechtsverletzung nicht zumutbar. Bei Bekanntwerden von Rechtsverletzungen werden wir derartige Links umgehend entfernen. <\/p>\n\n\n\n<p>Urheberrecht <br>Die durch die Seitenbetreiber erstellten Inhalte und Werke auf diesen Seiten unterliegen dem deutschen Urheberrecht. Die Vervielf\u00e4ltigung, Bearbeitung, Verbreitung und jede Art der Verwertung au\u00dferhalb der Grenzen des Urheberrechtes bed\u00fcrfen der schriftlichen Zustimmung des jeweiligen Autors bzw. Erstellers. Downloads und Kopien dieser Seite sind nur f\u00fcr den privaten, nicht kommerziellen Gebrauch gestattet. Soweit die Inhalte auf dieser Seite nicht vom Betreiber erstellt wurden, werden die Urheberrechte Dritter beachtet. Insbesondere werden Inhalte Dritter als solche gekennzeichnet. Sollten Sie trotzdem auf eine Urheberrechtsverletzung aufmerksam werden, bitten wir um einen entsprechenden Hinweis. Bei Bekanntwerden von Rechtsverletzungen werden wir derartige Inhalte umgehend entfernen.<\/p>\n\n\n\n<h3 class=\"wp-block-heading\">Verbraucherinformation gem\u00e4\u00df Verordnung (EU) Nr. 524\/2013<\/h3>\n\n\n\n<p>Die Europ\u00e4ische Kommission stellt eine Plattform zur Online-Streitbeilegung (OS) bereit. Die Plattform finden Sie unter http:\/\/ec.europa.eu\/consumers\/odr\/ Unsere E-Mailadresse lautet: <a href=\"mailto:info@mdrv.de\">info [at] mdrv [dot] de<\/a>. <\/p>\n\n\n\n<h3 class=\"wp-block-heading\">Hinweis gem\u00e4\u00df \u00a736 Abs.1 Nr.1 des Verbraucherstreitbeilegungsgesetz (VSBG):<\/h3>\n\n\n\n<p>Wir sind zur Teilnahme an einem Streitbeilegungsverfahren vor einer Verbraucherschlichtungsstelle weder bereit noch dazu verpflichtet.<\/p>\n","protected":false},"excerpt":{"rendered":"<p>Anschrift MDRV GmbHBirkenallee 2239130 Magdeburg Tel.: 0391 \/ 72 73 62 00Fax: 0391 \/ 72 73 62 22E-Mail: info [at] mdrv [dot] de Gesch\u00e4ftsf\u00fchrer: J\u00f6rg Mangelsdorf Amtsgericht Stendal: HRB 14026 Sitz der Gesellschaft: Magdeburg Ust-ID: DE275158892 Webdesign und Programmierung Internetagentur &#8222;MaGic Webpages&#8220; Holzweg 15a 39128 Magdeburg Webdesign, E-Commerce, Softwarel\u00f6sungen, Datenbanken MaGic Webpages ist seit \u00fcber&hellip; <br \/> <a class=\"read-more\" href=\"https:\/\/mdrv.de\/cms\/impressum\/\">Weiterlesen<\/a><\/p>\n","protected":false},"author":1,"featured_media":0,"parent":0,"menu_order":0,"comment_status":"closed","ping_status":"closed","template":"page-templates\/homepage.php","meta":{"footnotes":""},"class_list":["post-174","page","type-page","status-publish","hentry"],"_links":{"self":[{"href":"https:\/\/mdrv.de\/cms\/wp-json\/wp\/v2\/pages\/174","targetHints":{"allow":["GET"]}}],"collection":[{"href":"https:\/\/mdrv.de\/cms\/wp-json\/wp\/v2\/pages"}],"about":[{"href":"https:\/\/mdrv.de\/cms\/wp-json\/wp\/v2\/types\/page"}],"author":[{"embeddable":true,"href":"https:\/\/mdrv.de\/cms\/wp-json\/wp\/v2\/users\/1"}],"replies":[{"embeddable":true,"href":"https:\/\/mdrv.de\/cms\/wp-json\/wp\/v2\/comments?post=174"}],"version-history":[{"count":5,"href":"https:\/\/mdrv.de\/cms\/wp-json\/wp\/v2\/pages\/174\/revisions"}],"predecessor-version":[{"id":399,"href":"https:\/\/mdrv.de\/cms\/wp-json\/wp\/v2\/pages\/174\/revisions\/399"}],"wp:attachment":[{"href":"https:\/\/mdrv.de\/cms\/wp-json\/wp\/v2\/media?parent=174"}],"curies":[{"name":"wp","href":"https:\/\/api.w.org\/{rel}","templated":true}]}}